 of 741?
1
What is the thousands digit of 1400?
1
What is the thousands digit of 68631?
8
What is the hundreds digit of 1628?
6
What is the units digit of 701?
1
What is the tens digit of 675?
7
What is the thousands digit of 13225?
3
What is the units digit of 63626?
6
What is the ten thousands digit of 21706?
2
What is the units digit of 7414?
4
What is the ten thousands digit of 21360?
2
What is the tens digit of 5733?
3
What is the hundreds digit of 3530?
5
What is the units digit of 72411?
1
What is the ten thousands digit of 11108?
1
What is the tens digit of 38811?
1
What is the tens digit of 6610?
1
What is the thousands digit of 4417?
4
What is the units digit of 166479?
9
What is the tens digit of 1906?
0
What is the ten thousands digit of 48300?
4
What is the hundreds digit of 6332?
3
What is the thousands digit of 1528?
1
What is the thousands digit of 1497?
1
What is the hundreds digit of 2919?
9
What is the hundreds digit of 85677?
6
What is the thousands digit of 3227?
3
What is the ten thousands digit of 30626?
3
What is the thousands digit of 63268?
3
What is the hundreds digit of 699?
6
What is the tens digit of 96588?
8
What is the units digit of 6971?
1
What is the hundreds digit of 877?
8
What is the tens digit of 6130?
3
What is the units digit of 1975?
5
What is the ten thousands digit of 24696?
2
What is the tens digit of 58984?
8
What is the tens digit of 1484?
8
What is the thousands digit of 131158?
1
What is the hundreds digit of 41782?
7
What is the hundreds digit of 24467?
4
What is the hundreds digit of 7795?
7
What is the tens digit of 31184?
8
What is the tens digit of 6101?
0
What is the tens digit of 15949?
4
What is the hundreds digit of 8733?
7
What is the thousands digit of 13007?
3
What is the hundred thousands digit of 121405?
1
What is the ten thousands digit of 88485?
8
What is the hundreds digit of 291?
2
What is the units digit of 2372?
2
What is the ten thousands digit of 55461?
5
What is the thousands digit of 7725?
7
What is the thousands digit of 6574?
6
What is the tens digit of 376?
7
What is the ten thousands digit of 29454?
2
What is the tens digit of 2989?
8
What is the thousands digit of 60651?
0
What is the hundreds digit of 38219?
2
What is the units digit of 407?
7
What is the hundreds digit of 16315?
3
What is the tens digit of 311?
1
What is the units digit of 493?
3
What is the hundreds digit of 6119?
1
What is the hundreds digit of 25307?
3
What is the tens digit of 8879?
7
What is the ten thousands digit of 117576?
1
What is the tens digit of 355?
5
What is the units digit of 5367?
7
What is the tens digit of 37128?
2
What is the hundreds digit of 1349?
3
What is the hundreds digit of 1704?
7
What is the units digit of 7854?
4
What is the hundreds digit of 46462?
4
What is the hundreds digit of 23920?
9
What is the units digit of 3345?
5
What is the thousands digit of 2413?
2
What is the tens digit of 9056?
5
What is the tens digit of 1336?
3
What is the units digit of 353?
3
What is the tens digit of 35235?
3
What is the tens digit of 133841?
4
What is the units digit of 532?
2
What is the thousands digit of 34091?
4
What is the thousands digit of 2441?
2
What is the hundreds digit of 932?
9
What is the tens digit of 46616?
1
What is the units digit of 14750?
0
What is the units digit of 90?
0
What is the tens digit of 363?
6
What is the hundreds digit of 20526?
5
What is the tens digit of 1746?
4
What is the units digit of 294?
4
What is the tens digit of 6043?
4
What is the units digit of 2378?
8
What is the units digit of 8308?
8
What is the thousands digit of 169444?
9
What is the thousands digit of 1132?
1
What is the hundreds digit of 30118?
1
What is the thousands digit of 5250?
5
What is the units digit of 15005?
5
What is the thousands digit of 1717?
1
What is the thousands digit of 4658?
4
What is the thousands digit of 1895?
1
What is the ten thousands digit of 37697?
3
What is the units digit of 12468?
8
What is the units digit of 4694?
4
What is the hundreds digit of 14156?
1
What is the hundreds digit of 340?
3
What is the tens digit of 1047?
4
What is the ten thousands digit of 36413?
3
What is the tens digit of 783?
8
What is the tens digit of 15947?
4
What is the tens digit of 851?
5
What is the tens digit of 116238?
3
What is the tens digit of 2110?
1
What is the units digit of 3015?
5
What is the tens digit of 6512?
1
What is the thousands digit of 44311?
4
What is the units digit of 19578?
8
What is the tens digit of 7670?
7
What is the ten thousands digit of 52382?
5
What is the tens digit of 299?
9
What is the hundreds digit of 7698?
6
What is the tens digit of 8998?
9
What is the thousands digit of 27322?
7
What is the units digit of 2662?
2
What is the units digit of 129392?
2
What is the hundreds digit of 48359?
3
What is the tens digit of 35201?
0
What is the thousands digit of 1280?
1
What is the tens digit of 7593?
9
What is the thousands digit of 67837?
7
What is the tens digit of 42?
4
What is the units digit of 33490?
0
What is the hundreds digit of 5751?
7
What is the units digit of 1052?
2
What is the units digit of 1165?
5
What is the hundreds digit of 2781?
7
What is the hundreds digit of 1079?
0
What is the thousands digit of 85725?
5
What is the tens digit of 18367?
6
What is the tens digit of 1170?
7
What is the tens digit of 10630?
3
What is the thousands digit of 17962?
7
What is the units digit of 60?
0
What is the hundreds digit of 2953?
9
What is the units digit of 6134?
4
What is the thousands digit of 64721?
4
What is the hundreds digit of 11381?
3
What is the units digit of 179?
9
What is the units digit of 11766?
6
What is the tens digit of 321?
2
What is the hundreds digit of 1232?
2
What is the thousands digit of 1074?
1
What is the tens digit of 4356?
5
What is the ten thousands digit of 24716?
2
What is the hundreds digit of 726?
7
What is the tens digit of 61211?
1
What is the hundreds digit of 495?
4
What is the ten thousands digit of 37792?
3
What is the hundreds digit of 2804?
8
What is the units digit of 988?
8
What is the thousands digit of 43350?
3
What is the hundreds digit of 1956?
9
What is the thousands digit of 9546?
9
What is the tens digit of 2435?
3
What is the ten thousands digit of 113127?
1
What is the units digit of 35166?
6
What is the tens digit of 338?
3
What is the tens digit of 769?
6
What is the tens digit of 2078?
7
What is the units digit of 1371?
1
What is the thousands digit of 8143?
8
What is the units digit of 767?
7
What is the units digit of 237?
7
What is the thousands digit of 10641?
0
What is the units digit of 53932?
2
What is the units digit of 24819?
9
What is the units digit of 81?
1
What is the hundreds digit of 1087?
0
What is the units digit of 8995?
5
What is the hundreds digit of 6595?
5
What is the units digit of 7049?
9
What is the hundreds digit of 1019?
0
What is the tens digit of 1956?
5
What is the hundreds digit of 3209?
2
What is the hundreds digit of 3321?
3
What is the units digit of 2447?
7
What is the tens digit of 765?
6
What is the units digit of 54617?
7
What is the tens digit of 20578?
7
What is the tens digit of 3246?
4
What is the hundreds digit of 28042?
0
What is the tens digit of 2266?
6
What is the thousands digit of 16090?
6
What is the hundreds digit of 10724?
7
What is the thousands digit of 38115?
8
What is the units digit of 866?
6
What is the units digit of 2101?
1
What is the hundreds digit of 11082?
0
What is the ten thousands digit of 41427?
4
What is the tens digit of 34827?
2
What is the units digit of 157?
7
What is the tens digit of 14665?
6
What is the ten thousands digit of 10128?
1
What is the hundreds digit of 27146?
1
What is the thousands digit of 57425?
7
What is the ten thousands digit of 39178?
3
What is the hundreds digit of 11934?
9
What is the tens digit of 36949?
4
What is the tens digit of 78577?
7
What is the hundred thousands digit of 152735?
1
What is the thousands digit of 6462?
6
What is the tens digit of 3619?
1
What is the units digit of 127?
7
What is the tens digit of 31313?
1
What is the ten thousands digit of 10101?
1
What is the hundreds digit of 27770?
7
What is the tens digit of 41886?
8
What is the units digit of 16275?